-2 - (2 - (5 + -1))) + -280 + 284.
4
(-20 + 62 - 3) + -27
12
What is the value of (7 - (-5 - 7)) + -10?
9
Evaluate 2 + 16 + -28 + 71 + -50.
11
Evaluate 36 - (81 - 17 - 12).
-16
Evaluate 19 - 9 - 7 - (-5 - 2) - 5.
5
Evaluate (-25 - -7) + 25 + -13.
-6
What is 27 + -33 - (-19 + 6)?
7
Evaluate -13 + (23 - 1) - (-23 + 1).
31
4 + 11 + 9 + -16 + -9
-1
What is -8 + 2 - (14 - (-15 - (13 + -54)))?
6
What is 176 + -168 + (2 - (1 + 4) - 1)?
4
Evaluate -1 - ((236 - 217) + (-8 + 0 - -1)).
-13
54 - 55 - (4 - 3 - (-1 - 2))
-5
Evaluate 21 + -13 + (0 + 6 - (8 - 1)).
7
Calculate -4 + (-17 + 13 - (1 + 6 + -2)).
-13
What is the value of (-2 - -26) + -32 - (0 + -26 + 3)?
15
Calculate -14 - (-10 + -24 + 19).
1
(18 - (-9 + 26)) + (-3 - -21 - -2)
21
What is -9 + 1 - -16 - 16?
-8
What is 2 - (5 + -30 + 15)?
12
What is the value of 12 + (-9 - (-23 + 16))?
10
11 - (2 + (-13 - -27)) - -2
-3
Calculate 8 + -17 + (9 - 3) - -3.
0
Evaluate (13 - 0) + (365 - 362).
16
-17 - (-4 - -17 - 17)
-13
Evaluate 4 - (-13 + 27 + -15).
5
What is the value of 0 + -4 - (-4 + 19 - 13)?
-6
7 + (-2 - (2 + -1)) + -5 + -7
-8
Calculate (-65 - -160) + -104 + -1 + 1 + 4.
-5
What is 38 + -16 + (-3 - -3) - (4 + 0)?
18
What is the value of -1 - 12 - (123 + -74 + -75)?
13
What is -1164 + 1133 + (-1 - -16)?
-16
What is (-1 + 4 + 1 - 0) + -5 - 6?
-7
Calculate 28 - (8 - -21) - (-2 - -20).
-19
(3 - 2) + -6 + -3 + 22
14
What is the value of 0 + -3 + 2 + 19 + -22 + 28?
24
-4 + (-17 - -10) + 10
-1
Calculate 42 + -30 + (3 - 4 - -7).
18
Evaluate 1 + 11 - (32 - (-16 - -39) - 16).
19
Calculate -1 + 0 - 1 - (-26 + 28) - -13.
9
10 - (-1 - 1 - (-15 + (16 - -8)))
21
Calculate 4 + (-6 - 8) + (9 - -9).
8
What is the value of -5 - -3 - (-6 + 30) - (8 + -10)?
-24
4 + 3 + ((6 - -4) + -10 - 3)
4
What is the value of 19 - (0 - -11) - 2?
6
Calculate -15 + -1 + -4 - -28.
8
Evaluate 6 - 5 - ((-2 - (-3 - 22)) + -7).
-15
Calculate -50 - (-33 + -4 + 9).
-22
What is the value of -3 + 4 + (-4 - 10 - -12)?
-1
What is -22 - (-7 - (12 - -7))?
4
9 + -26 + -2 - -16
-3
What is (9 - (4 - -5)) + -12?
-12
Calculate (-58 - (11 - 57)) + -1 + -1.
-14
What is the value of 3 - 2 - (-12 - (-10 - -4))?
7
What is 23 + -15 + 20 + -17?
11
-35 + 39 - (-7 - (30 - 8))
33
Evaluate -41 - (-1 - 32) - -36.
28
(-10 - (-9 - (10 + -8))) + (-1 - 1)
-1
Calculate (0 - (-1 - -5)) + (-97 - -97).
-4
Calculate 5 + -9 + 36 - 15.
17
Calculate 46 - (-13 + (-32 - -82)).
9
Evaluate -2 + (-11 - -1 - (9 + (1 - 12))).
-10
What is -4 - (-219 + 214 + 3 + 0)?
-2
Evaluate -2 - ((-6 - (0 - 5)) + (-2 - 0)).
1
Evaluate (-3 - 0 - (0 + 1)) + (-170 - -185).
11
Calculate -25 + 23 - (-63 + 91).
-30
Calculate 28 + -7 + (1 - 2 - (16 - 8)).
12
(-8 - -4 - (-1 + 2)) + (61 - 68)
-12
(-33 - (-5 + -11)) + (0 - -8)
-9
What is 19 + -5 - 5 - (4 + 7)?
-2
What is the value of 7 + (8 + -20 - -11) - -7?
13
What is the value of (8 - (-13 - -15)) + (9 - 31)?
-16
What is -4 + (-3 + -6 - -1) + 12 + -30?
-30
What is (17 - (-6 + 27)) + 36?
32
22 + -2 + 167 + -179
8
Calculate 0 + 2 + -6 + 13 + (1 - 32).
-22
Evaluate 1 + (-14 - (9 + (4 - -5))).
-31
What is the value of (7 - -1 - 18) + 5 - (2 + -22)?
15
What is the value of 15 + -1 + -16 + 12?
10
Evaluate -172 + 119 - (-31 - 5).
-17
Evaluate (-2 - -23 - (2 - 1)) + -1510 + 1515.
25
Calculate -24 + -2 - (-31 - -29) - -12.
-12
What is -19 + -17 + (20 - -11)?
-5
Evaluate 28 - ((19 - 0) + 3).
6
Evaluate (-11 - (18 - 27)) + -9.
-11
What is the value of 26 + (-23 - (-14 + 0))?
17
(-1 + -4 - 1) + 6 + (-4 - 2)
-6
Calculate (-501 - -527) + (-1 - 10).
15
What is the value of (-40 + 28 - -26) + 10?
24
What is 203 + -213 + (2 - -19) + (3 - 1)?
13
What is 10 - ((-6 - 10) + 44)?
-18
2 + (-6 - (7 + 1) - 0 - 1)
-13
What is -18 + (0 - -6) + (41 - 45) - 5?
-21
-1 + 38 + -6 - 4
27
What is the value of -22 - 10 - -8 - (-20 + 6)?
-10
Evaluate -26 + (25 - 7) + -5.
-13
What is the value of (5 - (4 - (-15 - -3) - 5)) + 6?
0
-21 - -38 - (32 + -12)
-3
What is the value of ((-3 - -11) + -3 - 3) + (78 - 74)?
6
What is the value of -7 + -10 + 22 + 18?
23
(91 - 40) + -37 + (-1 - -8)
21
Evaluate (-1 - 14) + (55 + -51 - -7).
-4
Evaluate 7 + (-11 - (9 + (2 - 0) + -10)).
-5
What is (-8 - -2) + -2 + 6 + 4?
2
Evaluate 22 + (-3 - (-1 + -5)) + -8 + 1.
18
9 + -8 + -10 + (-12 - -10)
-11
What is the value of -30 + 18 - -25 - (-13 - 1)?
27
Evaluate 9 + (193 - 193) + (-1 - -14).
22
0 - (2 + -1 + 5)
-6
Calculate 12 + -1 - (7 - 5 - -17).
-8
-13 + -13 + -1 + -6 + 13
-20
-7 - (5 + 1 + -4 - -3)
-12
What is (6 - 3 - 1 - 4) + 2 + -1?
-1
Calculate -17 + 13 - ((6 - 13) + 10).
-7
Calculate -10 + (4 - 16) + 20.
-2
Calculate -7 - (34 - 19) - -5.
-17
What is the value of 8 - (-1 - -9) - 2?
-2
What is -7 + 20 + -22 - (-1 - -4)?
-12
Evaluate -22 - ((43 - 21) + -59).
15
What is the value of 0 - -4 - (11 + (-9 - 8) + 7)?
3
What is 53 - (32 - (-26 + 17))?
12
Evaluate 0 - (-1 - -2 - -2 - (8 - -9)).
14
What is the value of (5 - -4) + -9 + (-1 - -6) + -2?
3
(81 - 75) + 13 + -2 + -2
15
What is the value of (4 - 1 - (5 - -4)) + (-27 - -16)?
-17
Evaluate -10 + (60 - 18) - 6.
26
What is the value of (-25 - (-5 - 13)) + -3 + 2 + -30?
-38
Calculate 128 + -76 - (4 + 26).
22
Evaluate (4 + (-1 - -3) - (117 - 103)) + -6.
-14
(5 - -1 - (2 - 1)) + -8 + 14
11
What is -11 + 0 - (-19 + 16 + -5 + 13)?
-16
What is the value of 24 - (0 + 1 + 19)?
4
What is 7 + (-19 + (-16 - -24) - (-4 - 1))?
1
Calculate 26 + -49 + 16 + (0 - 8).
-15
What is the value of -6 + (-2 - -19) + -70 + 69?
10
What is 22 - 31 - (1 - 2)?
-8
Evaluate -40 - (44 + -11 + -40).
-33
Evaluate 3 + (1 - (6 - (7 - -6))).
11
What is the value of (-7 - -5 - -2) + 1 + (4 - 1)?
4
Calculate 11 - (26 - 11) - 6.
-10
-15 + 10 + -10 + (4 - (4 - 3))
-12
Calculate -7 + (-4 + -13 - -40).
16
What is (-16 - 17) + 0 - -20?
-13
Calculate 24 + -4 + 129 + -145.
4
Calculate -1 + 14 + -18 + 24.
19
What is (-11 - (-7 - -3)) + 5 + (4 - 3)?
-1
What is 366 + -374 - (0 - 7)?
-1
Calculate (9 - -6) + (-7 - (-8 - (-5 - 1))).
10
(-9 - 8 - -12) + -3 + 1
-7
Evaluate -6 + -2 + -3 + 3 + (-7 - -4).
-11
What is the value of 4 + (-2 - -2) + 33 + -32 + 8?
13
What is the value of -9 + 11 + 17 + -10?
9
Calculate -2 + 14 + (11 - 6) + -5.
12
What is (-23 - 2 - ((5 - -8) + -11)) + 9?
-18
Calculate 2 + ((5 - 11 - -3) + 17 - 0).
16
-7 + (31 - (14 - (0 + 10)))
20
(5 - -2 - 11) + 6 - 18 - -6
-10
(3 - -25) + -6 + -8
14
What is the value of -7 + 19 + 5 + (-71 - -62)?
8
What is the value of 26 + -2 - (-5 + 27 + -11)?
13
Calculate -10 + (6 - (0 - (-4 - 1))).
-9
(-326 - -308) + -2 + -5
-25
What is 1 + -3 + -14 + -26 + 50?
8
What is the value of -65 + 72 + 7 + (-3 - (0 + -1))?
12
Evaluate -381 + 371 - (2 + -1).
-11
What is 23 + -18 + -5 - 0?
0
Calculate (6 - (53 - 22)) + -1.
-26
What is -5 - 0 - (1 - 7 - -6)?
-5
Calculate 2 + (-8 - ((14 - 41) + 3 + -1)).
19
What is the value of (-43 - -24) + 2 + 13?
-4
What is 24 - (14 - 1 - 24 - (0 - 7))?
28
(8 - 27) + 33 - (-7 - -10)
11
What is 2 + (-2 - -11) + 0 + -5 + 11?
17
What is (0 - -42 - (-20 + 3 + 15)) + -11?
33
What is the value of (8 - -6 - 9) + (-26 - 8)?
-29
Calculate 7 + 5 + -8 - (-1 + 2).
3
What is the value of (-664 - -629) + 3 + 9?
-23
What is (2 - ((-41 - -40) + (9 - -1))) + -11?
-18
17 - (11 - (7 - (-6 + (0 - -10))))
9
What is 6 + (-9 - (8 - 10) - (0 - 16))?
15
What is -3 - (-1 + -1 + -30 + 20 + -2)?
11
What is the value of -16 + -9 + 9 - -15?
-1
Calculate 2 + 29 - (-295 + 315).
11
Evaluate 7 + (-6 - -5) - 22.
-16
What is -91 - -99 - (-5 + 2)?
11
Calculate -10 + (1 + 4 - 8) + 2 + 6.
-5
Calculate (2 - 1 - -3) + 36 + (40 - 66).
14
What is the value of 3 + -3 + 16 + -3 + (30 - 34)?
9
What is (6 - (-4 + 2) - 11) + 0 + 0?
-3
20 - (1 - (1 + -1) - (-17 + 28))
30
Calculate 9 + -2 - (29 - 4) - -2.
-16
(-66 - -54) + (5 - -22)
15
-6 - (-30 + 32 - (0 + 7))
-1
Evaluate -164 - -162 - (-4 + 6 - -18).
-22
Evaluate (-70 - -60 - 2) + (1 - 0) + 4.
-7
Evaluate -209 + 185 - (0 + -10).
-14
Evaluate -9 + (19 - (-14 + -2 + 8)).
18
16 + -7 + -11 - (-2 - (-4 - -4))
0
What is the value of (8 - 14) + 6 - (-1 + 5 + 11)?
-15
What is -8 + ((-4 - (-17 - -3)) + -3 - 9)?
-10
Evaluate (55 + -9 + -15 - 15) + (2 - 11).
7
Evaluate (-4 - -1) + -4 + -1 - (47 + -75).
20
Evaluate (-23 - -2) + 11 + (-14 - 1 - -2).
-23
What is (-21 - -23) + (-42 - -68)?
28
14 + -23 + 18 + -16
-7
Evaluate 19 - (-3 - (-27 + 12)) - (-5 